{"id":184,"date":"2020-01-08T20:47:37","date_gmt":"2020-01-08T17:47:37","guid":{"rendered":"http:\/\/koenelektrik.com\/?page_id=184"},"modified":"2020-01-08T20:47:38","modified_gmt":"2020-01-08T17:47:38","slug":"turkiye-finans","status":"publish","type":"page","link":"https:\/\/koenelektrik.com\/index.php\/turkiye-finans\/","title":{"rendered":"T\u00dcRK\u0130YE F\u0130NANS"},"content":{"rendered":"\n<h2 class=\"wp-block-heading\">PROJE DETAYLARI<\/h2>\n\n\n\n<p><strong>\u0130\u015fin sahibi :<\/strong>&nbsp;T\u00dcRK\u0130YE F\u0130NANS KURUMU<br><strong>Yeri :<\/strong>&nbsp;T\u00fcrkiye Geneli \u015eubeler<br><strong>Tamamlama Tarihi :<\/strong><br><strong>\u0130\u015fin Kapsam\u0131 :<\/strong>&nbsp;Genel Elektrik-Elektronik M\u00fcteahhitli\u011fi, Data, Alt Yap\u0131 Sistemleri, Montaj<\/p>\n","protected":false},"excerpt":{"rendered":"<p>PROJE DETAYLARI \u0130\u015fin sahibi :&nbsp;T\u00dcRK\u0130YE F\u0130NANS KURUMUYeri :&nbsp;T\u00fcrkiye Geneli \u015eubelerTamamlama Tarihi :\u0130\u015fin Kapsam\u0131 :&nbsp;Genel Elektrik-Elektronik M\u00fcteahhitli\u011fi, Data, Alt Yap\u0131 Sistemleri, Montaj<\/p>\n","protected":false},"author":1,"featured_media":183,"parent":0,"menu_order":0,"comment_status":"closed","ping_status":"closed","template":"","meta":{"footnotes":""},"class_list":["post-184","page","type-page","status-publish","has-post-thumbnail","hentry"],"_links":{"self":[{"href":"https:\/\/koenelektrik.com\/index.php\/wp-json\/wp\/v2\/pages\/184","targetHints":{"allow":["GET"]}}],"collection":[{"href":"https:\/\/koenelektrik.com\/index.php\/wp-json\/wp\/v2\/pages"}],"about":[{"href":"https:\/\/koenelektrik.com\/index.php\/wp-json\/wp\/v2\/types\/page"}],"author":[{"embeddable":true,"href":"https:\/\/koenelektrik.com\/index.php\/wp-json\/wp\/v2\/users\/1"}],"replies":[{"embeddable":true,"href":"https:\/\/koenelektrik.com\/index.php\/wp-json\/wp\/v2\/comments?post=184"}],"version-history":[{"count":1,"href":"https:\/\/koenelektrik.com\/index.php\/wp-json\/wp\/v2\/pages\/184\/revisions"}],"predecessor-version":[{"id":185,"href":"https:\/\/koenelektrik.com\/index.php\/wp-json\/wp\/v2\/pages\/184\/revisions\/185"}],"wp:featuredmedia":[{"embeddable":true,"href":"https:\/\/koenelektrik.com\/index.php\/wp-json\/wp\/v2\/media\/183"}],"wp:attachment":[{"href":"https:\/\/koenelektrik.com\/index.php\/wp-json\/wp\/v2\/media?parent=184"}],"curies":[{"name":"wp","href":"https:\/\/api.w.org\/{rel}","templated":true}]}}