{"id":191,"date":"2020-01-08T20:53:36","date_gmt":"2020-01-08T17:53:36","guid":{"rendered":"http:\/\/koenelektrik.com\/?page_id=191"},"modified":"2020-01-08T20:53:37","modified_gmt":"2020-01-08T17:53:37","slug":"turkiye-is-bankasi","status":"publish","type":"page","link":"https:\/\/koenelektrik.com\/index.php\/turkiye-is-bankasi\/","title":{"rendered":"T\u00dcRK\u0130YE \u0130\u015e BANKASI"},"content":{"rendered":"\n<h2 class=\"wp-block-heading\">PROJE DETAYLARI<\/h2>\n\n\n\n<p><strong>\u0130\u015fin sahibi :<\/strong>\u00a0T\u00dcRK\u0130YE \u0130\u015e BANKASI A.\u015e.<br><strong>Yeri :<\/strong>\u00a0\u0130stanbul<br><strong>\u0130\u015fin Kapsam\u0131 :<\/strong>\u00a0Genel Elektrik &#8211; Elektronik Data Alt Yap\u0131 Sistemleri, Montaj<\/p>\n","protected":false},"excerpt":{"rendered":"<p>PROJE DETAYLARI \u0130\u015fin sahibi :\u00a0T\u00dcRK\u0130YE \u0130\u015e BANKASI A.\u015e.Yeri :\u00a0\u0130stanbul\u0130\u015fin Kapsam\u0131 :\u00a0Genel Elektrik &#8211; Elektronik Data Alt Yap\u0131 Sistemleri, Montaj<\/p>\n","protected":false},"author":1,"featured_media":192,"parent":0,"menu_order":0,"comment_status":"closed","ping_status":"closed","template":"","meta":{"footnotes":""},"class_list":["post-191","page","type-page","status-publish","has-post-thumbnail","hentry"],"_links":{"self":[{"href":"https:\/\/koenelektrik.com\/index.php\/wp-json\/wp\/v2\/pages\/191","targetHints":{"allow":["GET"]}}],"collection":[{"href":"https:\/\/koenelektrik.com\/index.php\/wp-json\/wp\/v2\/pages"}],"about":[{"href":"https:\/\/koenelektrik.com\/index.php\/wp-json\/wp\/v2\/types\/page"}],"author":[{"embeddable":true,"href":"https:\/\/koenelektrik.com\/index.php\/wp-json\/wp\/v2\/users\/1"}],"replies":[{"embeddable":true,"href":"https:\/\/koenelektrik.com\/index.php\/wp-json\/wp\/v2\/comments?post=191"}],"version-history":[{"count":1,"href":"https:\/\/koenelektrik.com\/index.php\/wp-json\/wp\/v2\/pages\/191\/revisions"}],"predecessor-version":[{"id":193,"href":"https:\/\/koenelektrik.com\/index.php\/wp-json\/wp\/v2\/pages\/191\/revisions\/193"}],"wp:featuredmedia":[{"embeddable":true,"href":"https:\/\/koenelektrik.com\/index.php\/wp-json\/wp\/v2\/media\/192"}],"wp:attachment":[{"href":"https:\/\/koenelektrik.com\/index.php\/wp-json\/wp\/v2\/media?parent=191"}],"curies":[{"name":"wp","href":"https:\/\/api.w.org\/{rel}","templated":true}]}}