{"id":57,"date":"2018-04-24T10:09:20","date_gmt":"2018-04-24T10:09:20","guid":{"rendered":"http:\/\/demo.acmethemes.com\/construction-field-pro\/?page_id=144"},"modified":"2020-01-08T22:06:55","modified_gmt":"2020-01-08T19:06:55","slug":"faaliyet-alanlarimiz","status":"publish","type":"page","link":"https:\/\/koenelektrik.com\/index.php\/faaliyet-alanlarimiz\/","title":{"rendered":"Faaliyet Alanlar\u0131m\u0131z"},"content":{"rendered":"<div class=\"works-step clearfix\">\n<div class=\"works-step clearfix\">\n<div>1 ) Taahh\u00fct ve m\u00fcteahhitlik<\/div>\n<\/div>\n<div class=\"works-step clearfix\">\n<div>2)\u00a0Kuvvetli ve zay\u0131f ak\u0131m tesisatlar\u0131<\/div>\n<\/div>\n<div class=\"works-step clearfix\">\n<div>3)\u00a0Toplu konut, i\u015f merkezleri ve AVM komple elektrik tesisatlar\u0131<\/div>\n<\/div>\n<div class=\"works-step clearfix\">\n<div>4)\u00a0OG Tesisleri<\/div>\n<\/div>\n<div class=\"works-step clearfix\">\n<div>5)\u00a0Otomasyon tesisatlar\u0131<\/div>\n<\/div>\n<div class=\"works-step clearfix\">\n<div>6)\u00a0G\u00fcvenlik ve alarm tesisatlar\u0131<\/div>\n<\/div>\n<div class=\"works-step clearfix\">\n<div>7) Paratoner tesisatlar\u0131<\/div>\n<\/div>\n<div class=\"works-step clearfix\">\n<div>8) Banka ve ma\u011faza dekorasyonu<\/div>\n<\/div>\n<div class=\"works-step clearfix\">\n<div>9) Network altyap\u0131 tesisatlar\u0131<\/div>\n<\/div>\n<\/div>\n","protected":false},"excerpt":{"rendered":"<p>1 ) Taahh\u00fct ve m\u00fcteahhitlik 2)\u00a0Kuvvetli ve zay\u0131f ak\u0131m tesisatlar\u0131 3)\u00a0Toplu konut, i\u015f merkezleri ve AVM komple elektrik tesisatlar\u0131 4)\u00a0OG Tesisleri 5)\u00a0Otomasyon tesisatlar\u0131 6)\u00a0G\u00fcvenlik ve alarm tesisatlar\u0131 7) Paratoner tesisatlar\u0131 8) Banka ve ma\u011faza dekorasyonu 9) Network altyap\u0131 tesisatlar\u0131<\/p>\n","protected":false},"author":1,"featured_media":0,"parent":0,"menu_order":0,"comment_status":"closed","ping_status":"closed","template":"","meta":{"footnotes":""},"class_list":["post-57","page","type-page","status-publish","hentry"],"_links":{"self":[{"href":"https:\/\/koenelektrik.com\/index.php\/wp-json\/wp\/v2\/pages\/57","targetHints":{"allow":["GET"]}}],"collection":[{"href":"https:\/\/koenelektrik.com\/index.php\/wp-json\/wp\/v2\/pages"}],"about":[{"href":"https:\/\/koenelektrik.com\/index.php\/wp-json\/wp\/v2\/types\/page"}],"author":[{"embeddable":true,"href":"https:\/\/koenelektrik.com\/index.php\/wp-json\/wp\/v2\/users\/1"}],"replies":[{"embeddable":true,"href":"https:\/\/koenelektrik.com\/index.php\/wp-json\/wp\/v2\/comments?post=57"}],"version-history":[{"count":1,"href":"https:\/\/koenelektrik.com\/index.php\/wp-json\/wp\/v2\/pages\/57\/revisions"}],"predecessor-version":[{"id":248,"href":"https:\/\/koenelektrik.com\/index.php\/wp-json\/wp\/v2\/pages\/57\/revisions\/248"}],"wp:attachment":[{"href":"https:\/\/koenelektrik.com\/index.php\/wp-json\/wp\/v2\/media?parent=57"}],"curies":[{"name":"wp","href":"https:\/\/api.w.org\/{rel}","templated":true}]}}