{"id":58,"date":"2018-04-24T10:09:03","date_gmt":"2018-04-24T10:09:03","guid":{"rendered":"http:\/\/demo.acmethemes.com\/construction-field-pro\/?page_id=142"},"modified":"2020-01-08T22:03:58","modified_gmt":"2020-01-08T19:03:58","slug":"iletisime-gecin","status":"publish","type":"page","link":"https:\/\/koenelektrik.com\/index.php\/iletisime-gecin\/","title":{"rendered":"Elektrik Elektronik M\u00fchendisli\u011fi"},"content":{"rendered":"<p>Elektrik M\u00fchendisli\u011fi alan\u0131nda bir\u00e7ok konuda \u00e7\u00f6z\u00fcm sunmaktay\u0131z.<br \/>\nSiz de bizimle \u00e7al\u0131\u015fmak ve hizmetlerimiz konusunda daha fazla bilgi almak istiyorsan\u0131z l\u00fctfen ileti\u015fime ge\u00e7in.<\/p>\n","protected":false},"excerpt":{"rendered":"<p>Elektrik M\u00fchendisli\u011fi alan\u0131nda bir\u00e7ok konuda \u00e7\u00f6z\u00fcm sunmaktay\u0131z. Siz de bizimle \u00e7al\u0131\u015fmak ve hizmetlerimiz konusunda daha fazla bilgi almak istiyorsan\u0131z l\u00fctfen ileti\u015fime ge\u00e7in.<\/p>\n","protected":false},"author":1,"featured_media":0,"parent":0,"menu_order":0,"comment_status":"closed","ping_status":"closed","template":"","meta":{"footnotes":""},"class_list":["post-58","page","type-page","status-publish","hentry"],"_links":{"self":[{"href":"https:\/\/koenelektrik.com\/index.php\/wp-json\/wp\/v2\/pages\/58","targetHints":{"allow":["GET"]}}],"collection":[{"href":"https:\/\/koenelektrik.com\/index.php\/wp-json\/wp\/v2\/pages"}],"about":[{"href":"https:\/\/koenelektrik.com\/index.php\/wp-json\/wp\/v2\/types\/page"}],"author":[{"embeddable":true,"href":"https:\/\/koenelektrik.com\/index.php\/wp-json\/wp\/v2\/users\/1"}],"replies":[{"embeddable":true,"href":"https:\/\/koenelektrik.com\/index.php\/wp-json\/wp\/v2\/comments?post=58"}],"version-history":[{"count":2,"href":"https:\/\/koenelektrik.com\/index.php\/wp-json\/wp\/v2\/pages\/58\/revisions"}],"predecessor-version":[{"id":246,"href":"https:\/\/koenelektrik.com\/index.php\/wp-json\/wp\/v2\/pages\/58\/revisions\/246"}],"wp:attachment":[{"href":"https:\/\/koenelektrik.com\/index.php\/wp-json\/wp\/v2\/media?parent=58"}],"curies":[{"name":"wp","href":"https:\/\/api.w.org\/{rel}","templated":true}]}}