{"id":71,"date":"2018-04-24T09:24:34","date_gmt":"2018-04-24T09:24:34","guid":{"rendered":"http:\/\/demo.acmethemes.com\/construction-field-pro\/?page_id=103"},"modified":"2020-01-08T20:28:06","modified_gmt":"2020-01-08T17:28:06","slug":"denizbank","status":"publish","type":"page","link":"https:\/\/koenelektrik.com\/index.php\/denizbank\/","title":{"rendered":"DEN\u0130ZBANK"},"content":{"rendered":"\n<h2 class=\"wp-block-heading\">PROJE DETAYLARI<\/h2>\n\n\n\n<p><strong>\u0130\u015fin sahibi :<\/strong>\u00a0DEN\u0130ZBANK A.\u015e.<br><strong>Yeri :<\/strong>\u00a0T\u00fcrkiye Geneli \u015eubeler<br><strong>\u0130\u015fin Kapsam\u0131 :<\/strong>\u00a0Genel Elektrik M\u00fcteahhitli\u011fi, Data Altyap\u0131 Sistemleri, Montaj<\/p>\n","protected":false},"excerpt":{"rendered":"<p>PROJE DETAYLARI \u0130\u015fin sahibi :\u00a0DEN\u0130ZBANK A.\u015e.Yeri :\u00a0T\u00fcrkiye Geneli \u015eubeler\u0130\u015fin Kapsam\u0131 :\u00a0Genel Elektrik M\u00fcteahhitli\u011fi, Data Altyap\u0131 Sistemleri, Montaj<\/p>\n","protected":false},"author":1,"featured_media":170,"parent":0,"menu_order":0,"comment_status":"closed","ping_status":"closed","template":"","meta":{"footnotes":""},"class_list":["post-71","page","type-page","status-publish","has-post-thumbnail","hentry"],"_links":{"self":[{"href":"https:\/\/koenelektrik.com\/index.php\/wp-json\/wp\/v2\/pages\/71","targetHints":{"allow":["GET"]}}],"collection":[{"href":"https:\/\/koenelektrik.com\/index.php\/wp-json\/wp\/v2\/pages"}],"about":[{"href":"https:\/\/koenelektrik.com\/index.php\/wp-json\/wp\/v2\/types\/page"}],"author":[{"embeddable":true,"href":"https:\/\/koenelektrik.com\/index.php\/wp-json\/wp\/v2\/users\/1"}],"replies":[{"embeddable":true,"href":"https:\/\/koenelektrik.com\/index.php\/wp-json\/wp\/v2\/comments?post=71"}],"version-history":[{"count":1,"href":"https:\/\/koenelektrik.com\/index.php\/wp-json\/wp\/v2\/pages\/71\/revisions"}],"predecessor-version":[{"id":171,"href":"https:\/\/koenelektrik.com\/index.php\/wp-json\/wp\/v2\/pages\/71\/revisions\/171"}],"wp:featuredmedia":[{"embeddable":true,"href":"https:\/\/koenelektrik.com\/index.php\/wp-json\/wp\/v2\/media\/170"}],"wp:attachment":[{"href":"https:\/\/koenelektrik.com\/index.php\/wp-json\/wp\/v2\/media?parent=71"}],"curies":[{"name":"wp","href":"https:\/\/api.w.org\/{rel}","templated":true}]}}