{"id":73,"date":"2018-04-24T09:08:34","date_gmt":"2018-04-24T09:08:34","guid":{"rendered":"http:\/\/demo.acmethemes.com\/construction-field-pro\/?page_id=93"},"modified":"2020-01-14T01:11:09","modified_gmt":"2020-01-13T22:11:09","slug":"data-alt-yapi-sistemleri","status":"publish","type":"page","link":"https:\/\/koenelektrik.com\/index.php\/data-alt-yapi-sistemleri\/","title":{"rendered":"DATA ALT YAPI S\u0130STEMLER\u0130"},"content":{"rendered":"<div>You need to add a widget, row, or prebuilt layout before you&#8217;ll see anything here. \ud83d\ude42<\/div>","protected":false},"excerpt":{"rendered":"<p>Yap\u0131sal kablolama \u00e7\u00f6z\u00fcmleri ile network data center veri merkezi odalar\u0131n kurulmas\u0131 ve data telefon kablolamas\u0131n\u0131n kurulmas\u0131<\/p>\n","protected":false},"author":1,"featured_media":0,"parent":0,"menu_order":0,"comment_status":"closed","ping_status":"closed","template":"","meta":{"footnotes":""},"class_list":["post-73","page","type-page","status-publish","hentry"],"_links":{"self":[{"href":"https:\/\/koenelektrik.com\/index.php\/wp-json\/wp\/v2\/pages\/73","targetHints":{"allow":["GET"]}}],"collection":[{"href":"https:\/\/koenelektrik.com\/index.php\/wp-json\/wp\/v2\/pages"}],"about":[{"href":"https:\/\/koenelektrik.com\/index.php\/wp-json\/wp\/v2\/types\/page"}],"author":[{"embeddable":true,"href":"https:\/\/koenelektrik.com\/index.php\/wp-json\/wp\/v2\/users\/1"}],"replies":[{"embeddable":true,"href":"https:\/\/koenelektrik.com\/index.php\/wp-json\/wp\/v2\/comments?post=73"}],"version-history":[{"count":3,"href":"https:\/\/koenelektrik.com\/index.php\/wp-json\/wp\/v2\/pages\/73\/revisions"}],"predecessor-version":[{"id":380,"href":"https:\/\/koenelektrik.com\/index.php\/wp-json\/wp\/v2\/pages\/73\/revisions\/380"}],"wp:attachment":[{"href":"https:\/\/koenelektrik.com\/index.php\/wp-json\/wp\/v2\/media?parent=73"}],"curies":[{"name":"wp","href":"https:\/\/api.w.org\/{rel}","templated":true}]}}