{"id":78,"date":"2018-04-24T09:03:30","date_gmt":"2018-04-24T09:03:30","guid":{"rendered":"http:\/\/demo.acmethemes.com\/construction-field-pro\/?page_id=82"},"modified":"2020-01-08T23:18:54","modified_gmt":"2020-01-08T20:18:54","slug":"ar-ge","status":"publish","type":"page","link":"https:\/\/koenelektrik.com\/index.php\/ar-ge\/","title":{"rendered":"AR-GE"},"content":{"rendered":"\n<p>\u00c7al\u0131\u015fmalar\u0131m\u0131z\u0131, kaliteden \u00f6d\u00fcn vermeden, en uygun fiyatta \u00fcr\u00fcnlerin ara\u015ft\u0131rmas\u0131n\u0131 yaparak en iyi \u015fekilde hizmet vermek amac\u0131yla yapmaktay\u0131z.<\/p>\n","protected":false},"excerpt":{"rendered":"<p>\u00c7al\u0131\u015fmalar\u0131m\u0131z\u0131, kaliteden \u00f6d\u00fcn vermeden, en uygun fiyatta \u00fcr\u00fcnlerin ara\u015ft\u0131rmas\u0131n\u0131 yaparak en iyi \u015fekilde hizmet vermek amac\u0131yla yapmaktay\u0131z.<\/p>\n","protected":false},"author":1,"featured_media":0,"parent":0,"menu_order":0,"comment_status":"closed","ping_status":"closed","template":"","meta":{"footnotes":""},"class_list":["post-78","page","type-page","status-publish","hentry"],"_links":{"self":[{"href":"https:\/\/koenelektrik.com\/index.php\/wp-json\/wp\/v2\/pages\/78","targetHints":{"allow":["GET"]}}],"collection":[{"href":"https:\/\/koenelektrik.com\/index.php\/wp-json\/wp\/v2\/pages"}],"about":[{"href":"https:\/\/koenelektrik.com\/index.php\/wp-json\/wp\/v2\/types\/page"}],"author":[{"embeddable":true,"href":"https:\/\/koenelektrik.com\/index.php\/wp-json\/wp\/v2\/users\/1"}],"replies":[{"embeddable":true,"href":"https:\/\/koenelektrik.com\/index.php\/wp-json\/wp\/v2\/comments?post=78"}],"version-history":[{"count":2,"href":"https:\/\/koenelektrik.com\/index.php\/wp-json\/wp\/v2\/pages\/78\/revisions"}],"predecessor-version":[{"id":308,"href":"https:\/\/koenelektrik.com\/index.php\/wp-json\/wp\/v2\/pages\/78\/revisions\/308"}],"wp:attachment":[{"href":"https:\/\/koenelektrik.com\/index.php\/wp-json\/wp\/v2\/media?parent=78"}],"curies":[{"name":"wp","href":"https:\/\/api.w.org\/{rel}","templated":true}]}}